{"id":28525,"date":"2022-12-02T11:24:10","date_gmt":"2022-12-02T18:24:10","guid":{"rendered":"https:\/\/loghouseplants.com\/plants\/?post_type=product&#038;p=28525"},"modified":"2023-02-20T11:21:35","modified_gmt":"2023-02-20T18:21:35","slug":"daffodil-tete-a-tete-double-miniature-daffodil","status":"publish","type":"product","link":"https:\/\/loghouseplants.com\/plants\/shop\/daffodil-tete-a-tete-double-miniature-daffodil\/","title":{"rendered":"Dwarf Daffodil &#8216;T\u00eate \u00e0 T\u00eate Double&#8217;"},"content":{"rendered":"<p>A perky little heirloom daffodil that has fragrant buttercup-yellow petals and double flowered yellow-orange cups. With 2 to 3 flowers per stem, T\u00eate \u00e0 T\u00eate Double is a prolific bloomer that forms large colonies. Its small size makes it ideal for planting in patio containers or at the front of the border. Grows 6 to 8 inches. Prefers moist, well-drained soil. Full sun to dappled shade. Hardy perennial. Photo courtesy of De Vroomen.<br \/>\n&nbsp;<br \/>\n<a href=\"https:\/\/loghouseplants.com\/plants\/wp-content\/uploads\/2022\/12\/Daffodil-Tete-a-Tete-Double-FC.jpg\"><img decoding=\"async\" loading=\"lazy\" src=\"https:\/\/loghouseplants.com\/plants\/wp-content\/uploads\/2022\/12\/Daffodil-Tete-a-Tete-Double-FC-1024x488.jpg\" alt=\"Daffodil Tete a Tete Double-FC\" width=\"1024\" height=\"488\" class=\"alignleft size-large wp-image-29441\" srcset=\"https:\/\/loghouseplants.com\/plants\/wp-content\/uploads\/2022\/12\/Daffodil-Tete-a-Tete-Double-FC-1024x488.jpg 1024w, https:\/\/loghouseplants.com\/plants\/wp-content\/uploads\/2022\/12\/Daffodil-Tete-a-Tete-Double-FC-300x143.jpg 300w, https:\/\/loghouseplants.com\/plants\/wp-content\/uploads\/2022\/12\/Daffodil-Tete-a-Tete-Double-FC-768x366.jpg 768w, https:\/\/loghouseplants.com\/plants\/wp-content\/uploads\/2022\/12\/Daffodil-Tete-a-Tete-Double-FC-1536x731.jpg 1536w, https:\/\/loghouseplants.com\/plants\/wp-content\/uploads\/2022\/12\/Daffodil-Tete-a-Tete-Double-FC-700x333.jpg 700w, https:\/\/loghouseplants.com\/plants\/wp-content\/uploads\/2022\/12\/Daffodil-Tete-a-Tete-Double-FC.jpg 1575w\" sizes=\"(max-width: 1024px) 100vw, 1024px\" \/><\/a><\/p>\n","protected":false},"excerpt":{"rendered":"<p>A perky little heirloom daffodil that has fragrant buttercup-yellow petals and double flowered yellow-orange cups. With 2 to 3 flowers per stem, T\u00eate \u00e0 T\u00eate Double is a prolific bloomer that forms large colonies. Its small size makes it ideal for planting in patio containers or at the front of the border. Grows 6 to [&hellip;]<\/p>\n","protected":false},"featured_media":28526,"comment_status":"closed","ping_status":"closed","template":"","meta":[],"product_cat":[1811],"product_tag":[1779,1812],"_links":{"self":[{"href":"https:\/\/loghouseplants.com\/plants\/wp-json\/wp\/v2\/product\/28525"}],"collection":[{"href":"https:\/\/loghouseplants.com\/plants\/wp-json\/wp\/v2\/product"}],"about":[{"href":"https:\/\/loghouseplants.com\/plants\/wp-json\/wp\/v2\/types\/product"}],"replies":[{"embeddable":true,"href":"https:\/\/loghouseplants.com\/plants\/wp-json\/wp\/v2\/comments?post=28525"}],"wp:featuredmedia":[{"embeddable":true,"href":"https:\/\/loghouseplants.com\/plants\/wp-json\/wp\/v2\/media\/28526"}],"wp:attachment":[{"href":"https:\/\/loghouseplants.com\/plants\/wp-json\/wp\/v2\/media?parent=28525"}],"wp:term":[{"taxonomy":"product_cat","embeddable":true,"href":"https:\/\/loghouseplants.com\/plants\/wp-json\/wp\/v2\/product_cat?post=28525"},{"taxonomy":"product_tag","embeddable":true,"href":"https:\/\/loghouseplants.com\/plants\/wp-json\/wp\/v2\/product_tag?post=28525"}],"curies":[{"name":"wp","href":"https:\/\/api.w.org\/{rel}","templated":true}]}}